be ((-27)/(-15))/(15/50). Suppose -w = -s - 4. Let m(u) = 3*u + 2. Determine m(s).
8
Let d be (-873)/24 + 9/24. Let r = -29 - d. Let n(k) = 2*k**2 - 15*k - 19. Let q(j) = -j**2 + 7*j + 9. Let y(c) = r*q(c) + 3*n(c). What is y(5)?
1
Let z(u) be the third derivative of u**6/120 - u**4/8 + 6*u**2. Let w be z(2). Let n(h) = 1 + 10*h - 10*h + w*h**2 - 2*h**3 - h. Determine n(2).
-9
Suppose 5 = 5*j - 0*j - 2*q, -2*j = 5*q - 31. Let m(z) = -j*z + 5*z - 3*z. What is m(-4)?
4
Let r be ((-2)/((-30)/25))/((-2)/6). Let s = -1 - r. Let v(t) = 2*t**2 - 7*t + 5. Determine v(s).
9
Let c(q) = q**2 - 38 + 16 + 10 - 4*q + 2 + 8. What is c(5)?
3
Suppose 19 + 2 = -3*r. Let g(n) = 2*n + 4. What is g(r)?
-10
Let h(c) be the third derivative of -c**4/6 - 7*c**3/6 + 459*c**2. Calculate h(-3).
5
Let v(k) = -17*k - 26. Let h(x) = 9*x + 13. Let m(c) = 11*h(c) + 6*v(c). What is m(-10)?
17
Let j(b) = -6*b. Let i be j(1). Suppose 0 = -m + 5*m - 12. Let f(l) = l**m - 9*l**3 + 7*l**3 - 6*l - 3 - 7*l**2. What is f(i)?
-3
Let v(n) be the first derivative of n**2/2 + 10*n - 1. Suppose 0 = -33*w + 35*w - 4. Suppose -2*h + w*f - 18 = -f, -h - 9 = -5*f. Give v(h).
1
Let f(c) = 2*c**2 + 2*c + 2. Let t(k) = k**2 + 2*k + 2. Let n be t(-2). Let x be 108/14 + 12/42. Suppose r = 4*g - 3*r + x, 0 = 5*g - n*r + 10. Give f(g).
6
Let n(b) = 4*b**2 + 2. Suppose 5 + 23 = 14*t. Determine n(t).
18
Let o(z) = -z - 3. Let r = 5 - 0. Let x(j) = j - 2. Let n be x(r). Suppose n = 3*q - 3*i, 4*q = i - 4 - 7. Give o(q).
1
Let p(v) be the third derivative of -v**4/12 + 3*v**3/2 - 343*v**2. What is p(6)?
-3
Let p(t) be the second derivative of 0 + 5/24*t**4 + 5/2*t**2 + 1/60*t**5 - 1/2*t**3 - 5*t. Let b(i) be the first derivative of p(i). Calculate b(-5).
-3
Let g(s) = -15*s - 5. Let u(q) = -17*q - 6. Let i(t) = 5*g(t) - 4*u(t). Determine i(1).
-8
Let l = 22 + -17. Suppose 9 = -q - q - l*v, -3*v + 1 = -2*q. Let m(c) be the second derivative of c**3/3 + c**2/2 - 2*c. Give m(q).
-3
Let o(u) = 3*u**3 - u**2 + 3*u**3 + 3*u**3 + u**3. Suppose 0 = -n + 4*q - 7, -3 = -5*n + 2*q - 2. Determine o(n).
9
Let d(v) = -v**2 - v + 10. Let q be d(-3). Let f(h) = -h - 2. Give f(q).
-6
Let f = -195 - -69. Let k be ((-5)/3)/(35/f). Let h be 1 + 2 + (5 - k). Let s(m) = m**3 + 2. Calculate s(h).
10
Let k(q) = 3*q + 3 + 27*q - 33*q. What is k(4)?
-9
Let h(f) = 4*f. Let w = -1145 - -1156. Calculate h(w).
44
Let t(a) be the first derivative of -2*a - 1/3*a**3 + 10 + 3*a**2. What is t(4)?
6
Let c(o) = 0*o**3 - 14 - 8*o**2 + 1 - o**3 + 8*o. Give c(-9).
-4
Let i = 40 - 41. Let p(v) = 5*v**2 - 4*v. Let m(r) = -r**2 + 1. Let w(o) = i*p(o) - 6*m(o). What is w(-5)?
-1
Let b be (-72)/21 + 6/14. Let f(x) be the first derivative of -x**4/4 - 4*x**3/3 + x**2/2 + 124. Give f(b).
-12
Suppose -8*b + 20 = 2*b. Let d(n) = 3*n**2 - 5*n + 3. Give d(b).
5
Let s = -4 + 7. Suppose 2 = q - s. Let g(h) = 2 - 1100*h + 1 + 1098*h. Give g(q).
-7
Let c(k) = -2*k**3 + k**2. Let x(s) = 9*s**3 - 13*s**2 + 2*s - 13. Let b(o) = -4*c(o) - x(o). What is b(9)?
-5
Let x(f) = 3*f**3 - 2*f - 2*f**3 - 11 - 2*f - 2*f**3 + 7*f**2 + 2*f**2. Determine x(8).
21
Let k(d) be the second derivative of d**4/6 + d**3/2 + d**2 + 9*d + 5. What is k(-2)?
4
Let o(k) be the first derivative of k**4/4 - 5*k**3/3 - 7*k**2/2 + k + 24. Let w be o(6). Let u(y) = -2*y - 1. What is u(w)?
9
Let t(d) = d**2 + 7*d - 3. Let m(k) = 2*k**3 - 10*k**2 - 19*k + 34. Let r be m(6). What is t(r)?
5
Let q(b) be the third derivative of -b**7/5040 - b**6/120 - b**5/20 - 19*b**2. Let y(w) be the third derivative of q(w). Calculate y(-5).
-1
Let x(t) be the second derivative of -t**5/20 + t**4/12 + t**3/6 + 13*t**2/2 + 196*t. Let n be 0/(-2 - (-2 + 2)). What is x(n)?
13
Let u(r) = -6*r**3 - r**2 + 1. Let a = 50 + -43. Suppose 4*f + a = 3*x + 4, -x = f - 1. Determine u(x).
-6
Let g(v) be the second derivative of v**3/6 + 5*v**2 + 3*v. Let s(m) = -m - 9. Let p(x) = -6*g(x) - 5*s(x). Determine p(0).
-15
Let u = 25 - 20. Let g(p) = 9*p**2 + p - 13*p**2 + p + u*p**2 - 4. Determine g(-3).
-1
Let l be (25/(-20) - 0)*(-12 + 0). Suppose -l*j + 3*j = -84. Let g(h) = -h**2 + 6*h - 7. Calculate g(j).
-14
Suppose 0*w = 3*w + 18. Let r(q) = 6*q**2 - 3*q + 3. Let h be r(1). Let v(c) = -c - h + 16 - 5. Give v(w).
11
Let g(l) be the third derivative of -l**5/60 - l**4/24 + l**3/6 + 13*l**2. Let h(b) = -3*b**2 - 8*b + 6. Let n(y) = -4*g(y) + h(y). Determine n(4).
2
Let p(z) = 17 + 2*z - 1642*z**2 + z + 1641*z**2. What is p(6)?
-1
Let t(f) = 5*f**2 + 9*f - 12. Let z(w) = 6*w**2 + 11*w - 13. Let d(v) = -7*t(v) + 6*z(v). Give d(-3).
6
Let x(i) = -8*i - 15 + 3*i**3 + 9*i - 14*i**2 + 1 - 2*i**3 + i**3. Calculate x(7).
-7
Let r(p) = -p**3 + 7*p**2 - 6*p. Let y be -3 + 5 - -4*(-3)/(-3). Calculate r(y).
0
Let h(k) = 2*k**2 + 2*k - 1. Let r(j) = j**2 - 15*j + 11. Let m be r(15). Suppose 0 = -m*d + 9*d - 2*a + 2, -2 = -2*d - 3*a. Give h(d).
3
Let a(o) = -1 - 1 - 6*o + 9*o. Suppose -5*d = 5*j - 5, -4 - 3 = -5*j - 3*d. Give a(j).
4
Let r(v) = v**3 - 32*v**2 - 2*v + 68. Let b be r(32). Let f(q) = -q**2 + 7. What is f(b)?
-9
Suppose c = -5*y + 10, 0 = 6*y - y - 2*c - 10. Let n(w) = -w**3 + w**2 + 2*w + 1. Let v be n(-1). Let u(s) = -s**3 - v + 0*s**3 - s**2 + 2*s**3. What is u(y)?
3
Let k(y) = y**2 - 4*y - 5. Let m be k(5). Let s(l) = l - 20. Let z(q) = -q + 18. Let o(c) = -4*s(c) - 5*z(c). Give o(m).
-10
Let f(u) = -u**3 - 9*u**2 + u + 9. Let k be f(-9). Let z(i) = -i**3 - 8. Determine z(k).
-8
Let k be (-6)/(-30) - 39/(-5). Let j(s) = s + k - 23 + 8*s - s**2. Let l be j(6). Let y(o) = -3*o + 4. Determine y(l).
-5
Let r = -656 - -659. Let b(p) be the second derivative of -p**2 - 1/6*p**r - 10*p + 0. What is b(6)?
-8
Let x be (2/(-4))/(3/(-36)). Let h be 5*(-1 - (-2 - 0)). Suppose x*l = l - h. Let b(q) = -4*q**3. Determine b(l).
4
Let x(t) = t**3 + 8*t**2 + 15*t + 18. Let r be x(-6). Let m(g) = 3357 - 3354 + r*g**2 - g**2. Give m(-3).
-6
Suppose -6*d = -4*d + 32. Let n = d - -16. Let f(j) = -j - 7. Calculate f(n).
-7
Let q(s) be the second derivative of -s**4/12 + 11*s**3/6 - 19*s**2/2 - s - 23. Determine q(8).
5
Let s(x) = 44*x - 92*x + 3*x**3 + 9*x**2 + 38*x - 3*x**3 + 12 - x**3. Calculate s(8).
-4
Let y(j) = -j + 6. Let s(z) = 2*z - 11. Let x be -3 + 5 + 0 - -4. Let c be s(x). Let v be c - (0 - (3 - -1)). Calculate y(v).
1
Let z(p) = p**3 + 4*p**2 - 2*p - 2. Let o be z(-5). Let g be (5 - 6)*(0 - 1). Let u be 4/g + o + 20. Let b(k) = 2*k - 9. What is b(u)?
5
Let g(n) = n**2 + 14*n + 12. Let c be g(-1). Let v(p) = -26*p - 1. Give v(c).
25
Let l(s) be the second derivative of s**7/1260 + s**6/240 - s**5/60 - s**4/6 - 8*s. Let p(k) be the third derivative of l(k). Determine p(2).
12
Let o(y) = 2*y - 18. Let h be (-1350)/(-90)*(0 - -1)/1. Calculate o(h).
12
Let k(g) = -g**2 + 5*g + 6. Let y be 6/(-36) - (-86)/12. Let l be 12/y*(-2 - 33/(-6)). Calculate k(l).
0
Let q(n) = -n**2 - 34*n + 155. Let d be q(-38). Let a(y) = -3*y + 2. What is a(d)?
-7
Let j(n) be the second derivative of -n**6/180 - n**5/40 + 5*n**4/24 - n**3/3 - 8*n. Let c(o) be the second derivative of j(o). Let d = -2 - 2. Give c(d).
-15
Suppose 31*i - 10*i + 126 = 0. Let f(v) = v**2 + 9*v + 5. What is f(i)?
-13
Let t = -8 - -6. Let h(u) be the first derivative of 12 - 2*u - 1/2*u**4 - 4/3*u**3 - 3/2*u**2. What is h(t)?
4
Let s = 57 - 48. Let g(n) = 2*n**3 + n**2 - 2*n - 7. Let b(i) = i**3 - i - 3. Let j(t) = s*b(t) - 4*g(t). Determine j(4).
-3
Suppose -2*w - 4*a - 20 = -7*w, 0 = 2*w - 5*a - 25. Let z(f) = f**2 + f + 8. What is z(w)?
8
Let t(n) = 36*n + 23*n - 107*n + 38*n + 23*n + 1. Calculate t(-1).
-12
Let x be 33/(165/20)*18/(-8). Let z(q) = -q**2 - 6*q - 6. What is z(x)?
-33
Let g = 1869 + -1860. Let p(b) = 5*b**3 + 8*b**2 + 8*b + 1. Let o(t) = 9*t**3 + 16*t**2 + 16*t + 3. Let m(z) = 6*o(z) - 11*p(z). Determine m(g).
-2
Let n(g) = 7*g**3 + g**2 + 3*g + 8. Let k(p) = 2*p**3 + p - 1. Let q(l) = -3*k(l) + n(l). Calculate q(0).
11
Let v(x) = -x**3 + 5*x**2 - 5*x - 3. Suppose 3*m + 62 - 347 = 0. Let d = -90 + m. Calculate v(d).
-28
Suppose s = 2*t - 13, -3*s + 354 = 2*t + 369. Let n(b) = 2*b**3 + 13*b**2 - 11*b - 26. What is n(s)?
2
Let c(q) = -2*q - 94. Let u(a) = 2*a + 63. Let p(x) = -5*c(x) - 7*u(x). Determine p(6).
5
Let j(s) = s. Let u = 5 - -5. Suppose -7*i + u*i =